ist the prime factors of 139766.
2, 11, 6353
What are the prime factors of 1514374?
2, 43, 17609
List the prime factors of 1424259.
3, 19, 8329
What are the prime factors of 403537?
403537
What are the prime factors of 2415280?
2, 5, 7, 19, 227
What are the prime factors of 4937968?
2, 7, 44089
List the prime factors of 109127.
29, 53, 71
What are the prime factors of 1175815?
5, 19, 12377
List the prime factors of 12192994.
2, 11, 43, 12889
What are the prime factors of 2829319?
233, 12143
List the prime factors of 103291.
103291
List the prime factors of 2589478.
2, 23, 41, 1373
What are the prime factors of 509302?
2, 41, 6211
What are the prime factors of 612847?
612847
List the prime factors of 1034158.
2, 517079
What are the prime factors of 75532?
2, 23, 821
List the prime factors of 340773.
3, 113591
What are the prime factors of 322933?
13, 24841
What are the prime factors of 2445546?
2, 3, 113, 3607
List the prime factors of 331469.
109, 3041
List the prime factors of 38445084.
2, 3, 31, 11483
List the prime factors of 1984544.
2, 62017
What are the prime factors of 379764?
2, 3, 7, 11, 137
What are the prime factors of 658444?
2, 17, 23, 421
List the prime factors of 8901329.
19, 468491
List the prime factors of 26543758.
2, 29, 457651
List the prime factors of 244558.
2, 122279
List the prime factors of 489801.
3, 13, 19, 661
What are the prime factors of 62153?
7, 13, 683
List the prime factors of 13866195.
3, 5, 7, 132059
List the prime factors of 21184981.
19, 1114999
What are the prime factors of 3290292?
2, 3, 91397
What are the prime factors of 5694466?
2, 1117, 2549
List the prime factors of 181806.
2, 3, 157, 193
What are the prime factors of 2548184?
2, 318523
What are the prime factors of 2456929?
23, 106823
List the prime factors of 37369.
37369
What are the prime factors of 2248512?
2, 3, 7, 239
List the prime factors of 4891417.
19, 257443
List the prime factors of 4044966.
2, 3, 674161
List the prime factors of 27621.
3, 11, 31
What are the prime factors of 9628?
2, 29, 83
What are the prime factors of 2412368?
2, 7, 17, 181
What are the prime factors of 14082771?
3, 541, 8677
What are the prime factors of 3531178?
2, 7, 53, 4759
List the prime factors of 5928252.
2, 3, 11, 97, 463
List the prime factors of 230849.
230849
List the prime factors of 6558306.
2, 3, 19, 57529
What are the prime factors of 1309449?
3, 436483
List the prime factors of 364270.
2, 5, 73, 499
List the prime factors of 37995.
3, 5, 17, 149
List the prime factors of 535092.
2, 3, 17, 43, 61
List the prime factors of 2475457.
41, 173, 349
What are the prime factors of 14841?
3, 17, 97
List the prime factors of 1979430.
2, 3, 5, 65981
What are the prime factors of 1453857?
3, 17, 29, 983
What are the prime factors of 2145289?
2145289
List the prime factors of 462614.
2, 313, 739
What are the prime factors of 1550077?
17, 19, 4799
What are the prime factors of 110162?
2, 13, 19, 223
What are the prime factors of 5507557?
11, 23, 1979
What are the prime factors of 7787625?
3, 5, 19, 1093
List the prime factors of 1973631.
3, 11, 5437
List the prime factors of 9999285.
3, 5, 41, 71, 229
List the prime factors of 324207.
3, 13, 17, 163
List the prime factors of 4498568.
2, 283, 1987
List the prime factors of 2565218.
2, 107, 11987
List the prime factors of 7029455.
5, 29, 48479
What are the prime factors of 234633?
3, 7, 11173
What are the prime factors of 80975?
5, 41, 79
What are the prime factors of 366277?
366277
What are the prime factors of 324383?
227, 1429
What are the prime factors of 698410?
2, 5, 211, 331
What are the prime factors of 1097785?
5, 13, 16889
What are the prime factors of 85802?
2, 42901
What are the prime factors of 408261?
3, 7, 19441
List the prime factors of 281006.
2, 11, 53, 241
List the prime factors of 2834428.
2, 23, 30809
List the prime factors of 2864737.
2864737
List the prime factors of 13455740.
2, 5, 672787
What are the prime factors of 2238787?
2238787
List the prime factors of 27238.
2, 13619
What are the prime factors of 15119305?
5, 3023861
List the prime factors of 756520.
2, 5, 18913
What are the prime factors of 738603?
3, 82067
List the prime factors of 867142.
2, 433571
What are the prime factors of 9045878?
2, 1069, 4231
What are the prime factors of 27002570?
2, 5, 7, 109, 3539
List the prime factors of 455195.
5, 13, 47, 149
List the prime factors of 7318097.
19, 283, 1361
What are the prime factors of 515728?
2, 32233
What are the prime factors of 1414973?
7, 67, 431
What are the prime factors of 176291?
29, 6079
What are the prime factors of 2537785?
5, 507557
What are the prime factors of 138957?
3, 7, 13, 509
List the prime factors of 1424670.
2, 3, 5, 13, 281
What are the prime factors of 3049732?
2, 7, 17, 43, 149
List the prime factors of 1716946.
2, 7, 11, 11149
List the prime factors of 42875.
5, 7
What are the prime factors of 4157893?
4157893
What are the prime factors of 35098627?
163, 215329
What are the prime factors of 54369?
3, 7, 863
What are the prime factors of 686781?
3, 137, 557
What are the prime factors of 93364?
2, 17, 1373
List the prime factors of 6329732.
2, 601, 2633
List the prime factors of 42982053.
3, 677, 21163
List the prime factors of 117343.
271, 433
List the prime factors of 3329977.
7, 17, 27983
What are the prime factors of 82598?
2, 41299
What are the prime factors of 179083?
179083
List the prime factors of 11423536.
2, 173, 4127
List the prime factors of 4446532.
2, 19, 41, 1427
List the prime factors of 500819.
11, 4139
List the prime factors of 118669.
118669
What are the prime factors of 306632?
2, 38329
What are the prime factors of 1833370?
2, 5, 7, 11, 2381
List the prime factors of 4882170.
2, 3, 5, 162739
List the prime factors of 749175.
3, 5, 7, 1427
List the prime factors of 2011394.
2, 7, 11, 37, 353
What are the prime factors of 38906?
2, 7, 397
What are the prime factors of 805032?
2, 3, 3727
What are the prime factors of 7315167?
3, 1069, 2281
What are the prime factors of 2161293?
3, 107, 6733
List the prime factors of 83059.
83059
What are the prime factors of 6674774?
2, 211, 15817
List the prime factors of 226016.
2, 7, 1009
What are the prime factors of 618781?
107, 5783
List the prime factors of 797847.
3, 23, 31, 373
List the prime factors of 1022656.
2, 19, 29
What are the prime factors of 1106174?
2, 61, 9067
What are the prime factors of 618409?
11, 17, 3307
What are the prime factors of 69824?
2, 1091
List the prime factors of 2907739.
53, 83, 661
What are the prime factors of 165043?
151, 1093
What are the prime factors of 220709?
220709
What are the prime factors of 18236630?
2, 5, 1823663
What are the prime factors of 896629?
19, 41, 1151
What are the prime factors of 1268969?
13, 97613
List the prime factors of 2715140.
2, 5, 135757
List the prime factors of 6282256.
2, 431, 911
List the prime factors of 218491.
7, 13
List the prime factors of 8151042.
2, 3, 1358507
What are the prime factors of 1416533?
47, 30139
List the prime factors of 16629587.
13, 17, 47, 1601
List the prime factors of 4089714.
2, 3, 97, 7027
List the prime factors of 750638.
2, 7, 53617
What are the prime factors of 1576277?
1576277
List the prime factors of 389171.
389171
List the prime factors of 30569.
7, 11, 397
List the prime factors of 221297.
37, 5981
What are the prime factors of 5043810?
2, 3, 5, 168127
What are the prime factors of 8741685?
3, 5, 43, 13553
What are the prime factors of 11340722?
2, 37, 331, 463
List the prime factors of 186642.
2, 3, 10369
What are the prime factors of 283377?
3, 59, 1601
What are the prime factors of 1412233?
103, 13711
What are the prime factors of 7814700?
2, 3, 5, 19, 457
List the prime factors of 15052074.
2, 3, 23, 109073
List the prime factors of 181089.
3, 19, 353
List the prime factors of 4536629.
43, 105503
List the prime factors of 502420.
2, 5, 25121
What are the prime factors of 58250?
2, 5, 233
What are the prime factors of 6172667?
6172667
What are the prime factors of 154239?
3, 51413
List the prime factors of 15331355.
5, 13, 149, 1583
List the prime factors of 5914767.
3, 1971589
List the prime factors of 228109.
7, 32587
What are the prime factors of 1352914?
2, 19, 35603
List the prime fa